l(w) = -6*i(w) + 5*x(w). Give l(-2).
12
Let o(b) be the first derivative of 0*b**2 - 1 - 1/60*b**5 + 1/24*b**4 + 0*b - 1/180*b**6 - 2/3*b**3. Let f(d) be the third derivative of o(d). Calculate f(1).
-3
Let v(p) = p - 6*p - 16 + p. Let a(m) = -36 + 13 + 18 - m. Let d(s) = 7*a(s) - 2*v(s). Calculate d(-5).
-8
Suppose 4*x - 3*f - 19 = 0, 5*f + 0 - 3 = -2*x. Let r(l) = 2*l - 2. Calculate r(x).
6
Let a(w) be the second derivative of -w**3/6 + 3*w**2 - 23*w. Let g(j) = j**2 + 7*j - 12. Let i be g(-9). Calculate a(i).
0
Let a(n) be the first derivative of 5/3*n**3 + 4 + n**2 + 1/4*n**4 + 0*n. Determine a(-2).
8
Let l(t) be the first derivative of t**3/3 + 3*t**2/2 - 4*t - 6. Let a(h) be the first derivative of l(h). Calculate a(-2).
-1
Let k(z) = -z**3 - z**2 - z + 12. Let g = 16 + -10. Suppose g*y - 5*h + 25 = 3*y, -2*h = -10. What is k(y)?
12
Let b(c) be the third derivative of -1/360*c**6 + 0 - 1/6*c**3 - 1/12*c**4 + 0*c**5 + 0*c + c**2. Let x(z) be the first derivative of b(z). Give x(-3).
-11
Let s(j) = j**3 + 3. Let n be s(0). Let l(f) be the first derivative of f**2/2 + 3*f - 2. What is l(n)?
6
Suppose -4*n = 2*h - 26, -3*n + 4*h = 1 + 7. Suppose n*f - 4*l + 15 - 35 = 0, -l = 3. Let t(y) = f + 6*y + y**2 + 1 + 0*y**2. Give t(-4).
-5
Let v = -27 + 33. Let q(c) = 2*c - 6. Determine q(v).
6
Let r(o) = o + 4. Let l(a) be the second derivative of -a + 0 - 1/2*a**2. Let u(f) = -2*l(f) - r(f). What is u(4)?
-6
Suppose 11*o - 13*o + 4 = 0. Let b(j) be the second derivative of -1/12*j**4 - 4*j + 5/6*j**3 + 0 + 3/2*j**o. What is b(4)?
7
Let v(r) = r**3 - 5*r**2 - 5*r - 4. Let m be v(6). Let j(o) = 0*o - 5*o**3 - 2 - m*o**2 + 6*o**3 - o. Let y(p) = 3*p. Let b be y(1). Calculate j(b).
4
Let y(n) be the second derivative of -n**3/6 + 9*n**2/2 - 3*n. Let x be y(8). Let h(f) = -f - 1. Determine h(x).
-2
Let n(k) = -k**2 + 5*k - 6. Let v be n(4). Let a = v + 2. Let j(m) = m**2 - m + 8. What is j(a)?
8
Let v(a) = a**2 + 8. Let z(x) = x - 1. Let d(l) = v(l) + 4*z(l). Suppose -5*j - 1 + 26 = 0. Suppose 4*c = j*c + 2*m - 4, 2*c - 5*m + 28 = 0. What is d(c)?
4
Let t(x) = 7*x**3 + 4*x**2 + 5*x - 7. Let s(f) = -20*f**3 - 12*f**2 - 14*f + 20. Let p(y) = 6*s(y) + 17*t(y). Let q(j) = j. Let w be q(-4). Determine p(w).
-3
Let v = 172 - 173. Let f(k) = -5*k**3 - k**2 - k - 1. Give f(v).
4
Let l(z) = z - 3. Let n(p) = -p**3 - 2*p**2 - 1. Let t be n(-3). Give l(t).
5
Let g = 40 + -36. Let z(l) = -l**2. Suppose 0 = 3*a + 7 + 8. Let r(n) = -n**3 + n**2 - 5*n - 3. Let x(j) = a*z(j) + r(j). What is x(g)?
9
Let c(y) = -2. Let x(z) = -z - 2. Let f(l) = 3*c(l) - 4*x(l). What is f(2)?
10
Let b(l) be the first derivative of -l**3/3 - 7*l**2/2 - 2*l + 4. Let p be b(-6). Let q(d) = d**3 - 5*d**2 + 6*d. Give q(p).
8
Let p(v) = -v**3 + 7*v**2 - 5*v - 7. Let r(f) = -3 - 1 + 3 + f**2 - f. Let a be (-1)/(-1 + 21/18). Let g(o) = a*r(o) + p(o). Determine g(0).
-1
Let j(f) = f**3 - 3*f + 0*f**3 + 6 - 5*f**2 + f**2. Let w be 12/9*(-4 + 7). Determine j(w).
-6
Let f(b) = b**2 + 5. Suppose 0 = -n - 3, -3*n = 4*d + 9 - 48. Let u be 3/(-18) + 2/d. What is f(u)?
5
Let b(p) = -2*p**2 - 3*p + 3. Let k = 0 - -2. Calculate b(k).
-11
Let k(w) be the first derivative of w**4/6 + 2*w**3/3 - w**2 + 2. Let t(j) be the second derivative of k(j). Give t(-3).
-8
Let i be 64/10 + (-2)/5. Suppose -5 = j - i*j. Let f(u) be the third derivative of u**4/6 + u**3/6 - 8*u**2. What is f(j)?
5
Suppose 5*c - 15 - 20 = 0. Let u = c + -5. Let q(y) = -y**2 + 3*y - 1. Determine q(u).
1
Let y(b) = b**2 + 2*b + 1. Let t be y(-3). Let q be (-4)/(-3)*(-18)/(-12). Let k(p) = -3 + q*p + 0 - p. Give k(t).
1
Let o(k) = -k**2 + 8*k + 1. Suppose -2*a + 14 = 2*p, 5*p + 22 = 8*p + 4*a. Determine o(p).
13
Let h(t) = 1. Let l(q) = 3. Let x(g) = 5*h(g) - 2*l(g). Let o(r) = 0*r + 7*r + 0 + 1. Let d(s) = o(s) + 2*x(s). Determine d(1).
6
Let w = -5 - -11. Suppose 0 = -2*l + w*l. Let t(z) = -z**3 - z + 6. Calculate t(l).
6
Let r(d) be the first derivative of 1/3*d**3 + 1/6*d**4 - 2 - 1/2*d**2 + 3*d. Let x(t) be the first derivative of r(t). Calculate x(1).
3
Suppose -15 - 5 = -4*j. Suppose j*i = 9 + 1. Let g(z) = -2*z**3 + 3*z**2 - 1. Calculate g(i).
-5
Let h(o) be the first derivative of o**6/360 - o**5/15 + o**4/4 + 2*o**3 - 5. Let a(f) be the third derivative of h(f). What is a(8)?
6
Suppose 0*v + 10 = v. Let z(u) = u**2 + 6*u + 2. Let s be z(-3). Let y = s + v. Let j(h) = -h**3 + 3*h**2 + 2*h - 1. What is j(y)?
5
Let g(t) = t**3 - t**2 + t - 6. Let s(z) = -5 + 3*z - 2*z + 0*z. Let x be s(5). Calculate g(x).
-6
Suppose -4*u = -h + 11, 4*u + 3*h + 0*h = 1. Let n be (u/3)/((-2)/3). Let x(c) = -c + 2. Calculate x(n).
1
Let b(v) = v - 2. Suppose -i + 9 = 2*i. Suppose 0 = i*y + y. Determine b(y).
-2
Let m(w) = -w**3 + 3*w**2 + w + 1. Let j(d) = -d**3 + 3*d**2 + d + 2. Let x(n) = -5*j(n) + 6*m(n). Suppose 5*i + 10 = 25. Calculate x(i).
-1
Suppose 2*q + 3 = 7. Let y = -2 - -5. Let d(j) = -2*j**2 + 0*j**3 + q*j - y*j - 2 - j**3. Give d(-2).
0
Let j(w) be the second derivative of w**5/20 - w**4/2 + w**3 + w**2/2 - 6*w. Calculate j(5).
6
Let v(l) = -2 + 4*l + 3*l**2 - 2 + 5 - 2*l**2. Calculate v(-3).
-2
Let a(o) = -o**2 + o + 7. Let n be a(3). Suppose 8 = 6*b - 4*b. Let h(q) = 0 + b*q + 0. Calculate h(n).
4
Let q(p) = -31*p + 19*p - 4 - p**2 + 13*p. Determine q(0).
-4
Let d(k) be the first derivative of k**3/6 + k**2 - 2*k - 3. Let h(v) be the first derivative of d(v). Give h(-5).
-3
Let d(j) = -j**2 + 6*j + 2. Suppose 3*g + 4*r + 7 - 37 = 0, 5*g = r + 27. Give d(g).
2
Let z(f) = -f**3 - 3*f**2 - 7. Let b(r) = -3*r**3 - 8*r**2 - 20. Suppose 13 = j + 4*s + 3, 4*j = -2*s - 16. Let l(x) = j*b(x) + 17*z(x). Determine l(3).
1
Let a(k) be the second derivative of -k**3/2 - 2*k**2 - 2*k. Calculate a(-4).
8
Let t(s) = -s - 5. Let m = -3 + 5. Suppose 0 = m*p - 3*p - 3. Let l be p/(-18) + (-25)/6. Give t(l).
-1
Let a be 23/5 - 4/(-10). Suppose -5*h + 0*h + a = 0. Let p be (-1)/(-1) - (-2)/h. Let q(y) = y**3 - 3*y**2 - 2*y - 1. Determine q(p).
-7
Let p(l) = 9 - l - 3 - 4 + 4*l**2 + l**3. Let b be p(-4). Let w(x) = -x**3 + 6*x**2 + 2*x - 6. Calculate w(b).
6
Let a(f) = -f + 3. Let k(b) = b**2 + 2*b - 8. Let i(u) = -3*a(u) - k(u). Let v be 1 + (-2)/2*-2. Give i(v).
-7
Let r(g) = g**3 + g**2 - 3. Let w be r(0). Let c(n) be the second derivative of 0 + 0*n**3 + 3/2*n**2 - 1/20*n**5 + 2*n - 1/4*n**4. What is c(w)?
3
Suppose -16 = -d + 4*m, 20 = -2*d - 8*m + 3*m. Let c(t) = 0*t**3 - t + 2*t**3 - t**3. Give c(d).
0
Suppose -2*f = -6*f + 12. Let k be 19/3 - (-5)/(-15). Let n(h) = -k - 2*h - 2*h**2 + 3 + 2 - 7*h**f. Determine n(-1).
6
Let n(c) = 3*c - 7. Let v(a) be the first derivative of a**3/3 + 7*a**2/2 - 6*a - 2. Let h be v(-8). Suppose 8 = h*f - 2. Determine n(f).
8
Let z(i) be the first derivative of 2*i**2 + 3*i + 6. Let h = -4 - -2. Determine z(h).
-5
Let t be (-38)/(-14) - (-12)/42. Suppose -2*a + t*a = 0. Let j(q) = q**3 + q**2 + q + 6. Determine j(a).
6
Let x(g) = 9*g - g + 29 + 12*g - 9. Let y(n) = 7*n + 7. Let f(s) = 6*x(s) - 17*y(s). What is f(5)?
6
Let r(g) = 13*g**3 - 2*g - 14*g**3 - 4*g**2 + 6*g**2. Calculate r(2).
-4
Let d(h) = h + 7. Let x(f) = f + 5. Let k be x(-5). Give d(k).
7
Let x(k) = -k + 7. Let d be 2/(-4) + (-1)/2. Let b(f) = -6*f**3 - 2*f**2 + 1. Let y be b(d). Suppose -5*a + 35 = y. What is x(a)?
1
Let x(q) be the third derivative of -q**5/60 - q**4/12 + q**3/6 + 12*q**2. Calculate x(-5).
-14
Let m(g) = g**3 + 7*g**2 + 7*g + 7. Let o be m(-6). Let r be o - (0 - (1 - -1)). Suppose d - r*d = 0. Let s(i) = i**3 + i + 1. Give s(d).
1
Let h(u) = 3*u**3 + u**2 - 1. Let n be h(1). Let z(y) = -3*y**2 + 3*y - 2. Let q be z(2). Let x = q + n. Let f(t) = t**2 + 7*t - 3. What is f(x)?
-13
Let h(d) be the second derivative of d**4/12 - 11*d**3/6 + 3*d**2 - 3*d + 4. Calculate h(10).
-4
Let n(o) = -o**3 - o + 5. Let k be n(0). Let z be (-6)/k + (-4)/(-20). Let l = 4 - z. Let t(r) = -r + 7. Calculate t(l).
2
Suppose -c = -2*c - 6. Let r(d) = 2*d + 1. Let f(k) = k**3 - 5*k**2 - 8*k - 1. Let w be f(6). Let x(n) = -4*n - 2. Let t(y) = c*x(y) + w*r(y). Give t(2).
-5
Let x = 41 - 36. Let w(l) = l - 3. What is w(x)?
2
Let g(c) be the second derivative of -c**5/120 - 11*c**4/24 - c**3/6 - 2*c. Let t(k) be the second derivative of g(k). Determine t(0).
-11